j**2 + 23*j - 210. Determine q(h).
0
Let z(q) be the second derivative of q**3/2 - 35*q**2/2 - 307*q + 1. Determine z(20).
25
Let r = 36 - 42. Let k(z) = -6*z - 5. Let q(x) = -x. Let l(t) = t - 1. Let v(i) = -2*l(i) - 5*q(i). Let d(u) = 3*k(u) + 5*v(u). What is d(r)?
13
Suppose -3*k = -30*k - 81. Let i(v) = 4*v**2 - 3*v + 2. Let b(g) = 10*g**2 - 9*g + 6. Let c(o) = k*b(o) + 8*i(o). Calculate c(-3).
7
Let a(k) = -2*k + 12*k**2 - 11*k**2 + 15*k**2 - 23 + 15*k**2 - 30*k**2. Determine a(7).
12
Suppose -b - y = 1, -2*y + 13 = 2*b - 3*y. Let q = -1 + b. Let l(r) = -19 + 5 + 0 + 13 - r. Give l(q).
-4
Let o(u) = 1491*u + 56 - 743*u - 751*u. Determine o(21).
-7
Let t(d) = 4*d**3 - 43*d**2 - 14*d + 27. Suppose 0 = 95*u + 204*u - 3289. Give t(u).
-6
Let w = -10 - -12. Let u(h) = -7*h + 6. Let q(j) = -7*j + 7. Let t(g) = -6*q(g) + 7*u(g). Let a(c) = -14*c + 1. Let y(p) = -3*a(p) + 5*t(p). Determine y(w).
11
Let m = -157 - -163. Suppose 29*h = 27*h - m. Let i(a) = 3*a - 2*a - 9 - 1 - 2*a. Give i(h).
-7
Let g(r) = -r**2 - 4*r - 2. Suppose -2*t - 32 = -42. Let j(b) = t + 3 + 6*b - 4*b + 1. Let l be j(-6). Calculate g(l).
1
Let z(q) = 54*q**3 + 2*q**2 - 6*q - 7. Let w be z(-2). Let b = w + 409. Let k(t) = t**3 + 10*t**2 - t - 8. What is k(b)?
2
Let s(y) = -4026*y**2 + 4030*y**2 + 0*y**3 + 40 + 7*y + 2*y**3. Give s(-3).
1
Let l(h) = -5*h + 10. Suppose -63*j + 2 + 38 = -43*j. Determine l(j).
0
Let a(v) be the third derivative of v**4/8 - 5*v**3/2 + 3*v**2 + 382. Calculate a(5).
0
Let g(j) = 4*j**2 - 5*j - 3. Let v be g(-3). Suppose -d - 4 = 0, 2*a + 6*d - d = -v. Let s(q) = q**2 + 13*q - 10. Calculate s(a).
4
Suppose -8*s + 4 = -6*s. Let b(o) = -o**2 + 11*o - 17. Let p be b(9). Let l(k) = 7*k + 8*k - 2 - 11*k + p. Give l(s).
7
Let s be ((-98)/70)/(4/(-20)). Let q(m) = 22*m + 4 + 3 - s. Suppose -5*r - 4 = 1. Calculate q(r).
-22
Suppose 0 = 3*c + a - 2*a + 20, 5*a = -2*c - 36. Let u(j) = -j - 2. Let d be u(c). Let l be 1*(-2)/d*3. Let i(q) = -q - 2. Determine i(l).
-1
Suppose 5*j - 5*u - 90 = -115, 4*j + u = 0. Let y(i) = 32*i**2 - 4*i - 2. What is y(j)?
34
Let r(w) be the first derivative of -w**3/3 - w**2 + 61*w - 3850. What is r(-9)?
-2
Let h(f) = 2*f - 1. Let j(l) = l**2 - 31*l + 62. Let o be j(29). Suppose 5*d + 5*c + 31 = 3*d, o*c + 35 = -5*d. What is h(d)?
-7
Let z(g) be the third derivative of -g**6/120 - g**5/5 - g**4/6 + 15*g**3/2 + 12295*g**2. What is z(-11)?
-32
Let m(v) = 6*v - 19. Let a(b) = 2*b - 4. Let c(l) = -26*a(l) + 6*m(l). Determine c(-3).
38
Let s(w) = -2*w**2 + 3*w + w**2 + 2 + 0*w**2. Let k = -807 - -810. Determine s(k).
2
Let k(o) = o - 1. Let p = -297 - -323. Let b = 26 - p. What is k(b)?
-1
Let h(m) be the third derivative of -m**7/2520 - m**6/360 - m**5/24 - 13*m**4/8 - m**3/6 + 146*m**2. Let k(p) be the second derivative of h(p). What is k(-6)?
-29
Let r be ((-54)/4)/((-34 - -17)/(-34)). Let s(f) = 8*f + 200. Give s(r).
-16
Let w(x) = -x**3 + 5*x**2 + 5*x - 39. Let c be w(4). Let i(y) = 3*y**2 + 12*y + 1. Give i(c).
-8
Let u be 3 - (-18)/(-5) - 3540/(-25). Suppose 21*n - 6 = u. Let v(m) = m**3 - 8*m**2 + 6*m + 10. What is v(n)?
3
Let o be (10/50)/((-3)/15). Let x(q) = 12*q + 2 - 9*q + 9*q. Calculate x(o).
-10
Let p be (-8)/9*(-15)/(-20)*-6. Suppose -4*v - 5*i + p*i = 5, 3*v - 3*i = 0. Let f(d) = 5*d - 1. Calculate f(v).
-6
Suppose 2*h - 10 = -r - 16, 2 = -r. Let y(x) = -2*x + 5. What is y(h)?
9
Suppose -11*z + 9 = -9 + 7. Let m(b) = 4*b - 6. Give m(z).
-2
Let z(o) = -o**3 - 9*o**2 + 20*o + 5. Let n(t) = -16*t**2 + 67*t + 54. Let b be n(5). Give z(b).
27
Let v(o) = -o - 9. Let n(d) = -2*d - 10. Let k(g) = 7*g + 2. Let i be k(0). Let u(r) = i*n(r) - 3*v(r). Give u(6).
1
Let n(x) = 9*x - 23. Suppose 0 = 5*f - 2*q - 28, 9*f + 2*q = 19 + 37. Calculate n(f).
31
Let d(h) be the third derivative of h**6/120 - 3*h**5/10 - h**4/12 + 2*h**3/3 - 53*h**2 + 5*h + 3. Give d(18).
-32
Suppose 0 = 3*r + r. Suppose -12*s + 3*s - 54 = r. Let b be s/(-4)*26/39. Let z(c) = c**3 - 2*c + 1. Determine z(b).
0
Let v(r) = -37*r - 5. Let x(b) = -3 + 1 - 9*b + 8*b - 17*b. Let s = 6 - 4. Let i(g) = s*v(g) - 5*x(g). What is i(1)?
16
Let f(l) = 12*l + 14. Let k(d) = -47*d + 1977. Let h be k(42). Calculate f(h).
50
Let g(t) be the third derivative of t**6/120 + t**5/20 - t**4/24 + t**3/3 - 1331*t**2. What is g(-2)?
8
Let q = -84 - -84. Let p(j) = 2 - 18*j + 31*j - 7*j + q. Calculate p(2).
14
Let p be ((-37)/(-4) + (-6)/(-8))/(-2). Let d = p - 38. Let y = 51 + d. Let j(n) = -n**3 + 7*n**2 + 7*n + 9. Calculate j(y).
1
Let m be 372/(-248) + 78/12. Let h(n) be the second derivative of 0*n**4 - 1/6*n**3 + 1/2*n**2 + 0 - 29*n - 9/10*n**m. Determine h(1).
-18
Let j = -6 + 8. Let v(p) = -2*p**2 - p + 18 - 13 + 0*p**j + p**2. Let n = -892 - -892. Calculate v(n).
5
Let g(y) = y + 6. Let p be g(0). Let q = -4 + p. Let f(z) = -1. Let v(o) = 4*o**2 - 2*o - 2. Let s(h) = -4*f(h) + v(h). Determine s(q).
14
Let m(b) be the first derivative of -b**4/4 - b**3/3 + 9*b - 1. Let x = -427 - -244. Let z = 183 + x. Determine m(z).
9
Let q(m) = 158*m + 626. Suppose 2*p = 42*y - 44*y + 8, -5*p + 12 = 4*y. Determine q(p).
-6
Let j(w) = 9. Let i(c) = c - 8. Let h(a) = 2*i(a) + 3*j(a). What is h(0)?
11
Let t(y) = 2*y**3 + 22*y**2 + 169*y + 12. Let i(w) = w**3 + 11*w**2 + 79*w + 6. Let m(j) = 13*i(j) - 6*t(j). Give m(-11).
-137
Let f(o) be the second derivative of -13/6*o**3 + 0 - 94*o - 5*o**2 + 11/12*o**4 + 1/20*o**5. Give f(-12).
2
Let v(c) = 79*c**2 - 5*c + 7. Let k(s) = -39*s**2 + 2*s - 3. Let h(z) = -9*k(z) - 4*v(z). Let b = 3417 + -3416. Calculate h(b).
36
Let h(d) = -8*d + 300. Let c = -10389 + 10426. Calculate h(c).
4
Let u(y) be the third derivative of y**4/8 - 3*y**3/2 + 351*y**2 + 1. Calculate u(-5).
-24
Suppose 25*t + 192 - 117 = 0. Let v(s) = 17*s + 16. Let x(h) = 5*h + 5. Let y(p) = -2*v(p) + 7*x(p). What is y(t)?
0
Let l(v) = -v**3 + 9*v**2 + 22*v + 16. Let y be l(11). Let c be (3/(105/50))/((-2)/(-14)). Let s(h) = y*h - c*h + 2 - 4*h. What is s(-5)?
-8
Let n(l) = l**2 - 6*l - 4. Let i be n(-2). Let b(q) = -5*q + 19. Calculate b(i).
-41
Let m(y) = -y**3 - 4*y**2 + 2*y - 7. Suppose 23*r - 19*r - 3*o = 0, 0 = 3*r + 5*o + 29. What is m(r)?
-22
Let w(a) = -2*a - 28. Let f be w(-14). Suppose -o + 3 = -f. Let k(x) = 2*x**o + 4*x**3 - 7*x**3 - 10 - 10. Calculate k(0).
-20
Let p(u) = 9 + u**2 + 1 - 2*u**2 + 8*u + 0*u**2 - 2. Calculate p(13).
-57
Let j = -21 - 0. Let y be (2/(-3))/2 - (-224)/j. Let a(c) = 0 + c**2 + 2*c + 9*c - 1. Calculate a(y).
-1
Let t(y) = y - 17. Suppose -3*n - 19*n = 418. Let l = n + 25. Calculate t(l).
-11
Let w(j) = -4*j + 50. Let v(s) be the first derivative of -s**2/2 + 12*s + 133. Let c(a) = 9*v(a) - 2*w(a). What is c(4)?
4
Suppose 44*s + 48*s = 76*s + 128. Let r(q) = -q - 9. Let v(o) = o + 1. Let d(m) = r(m) + 2*v(m). Give d(s).
1
Let p(v) = v - 7. Let n be (1 - 0)/(-6) - (-1079)/498. Let r be (12 + -18)*(-2)/n. What is p(r)?
-1
Let h(y) be the third derivative of -3*y**4/8 + 17*y**3/6 - 11*y**2 + 4. Let k be h(2). Let n(b) = 4 + b**2 + 20*b**3 + b**2 + b - 4. What is n(k)?
-19
Let r(h) = 2 - 2 - 4 + 5 - 19*h**3. Suppose -t + 4*v - 5 - 4 = 0, 6 = 3*v. What is r(t)?
20
Let m(s) = 2*s**2 + 3*s - 1. Let z(u) = u**3 + 16*u**2 + 28*u + 24. Let p(x) = -3*m(x) + z(x). Determine p(-8).
3
Let h(q) = q + 5. Suppose -128 = -4*r + 28. Suppose -r*v = -34*v. Let o be ((-3 - -2) + v)*(-8)/(-1). Give h(o).
-3
Let m(l) = -27*l**2 - 4*l + 1. Let y(s) = 1. Let f(v) = m(v) + 2*y(v). Determine f(1).
-28
Suppose -6 = 3*w - 2*c, 2*w - 3*c + 6 = 2. Let n(z) = z**2 - 68*z. Let p(b) = -14*b**2 + 683*b + 1. Let j(f) = -10*n(f) - p(f). What is j(w)?
21
Let r be (3885/(-126))/(-37) - (-19)/6. Let n(x) be the third derivative of 0*x - 11*x**2 + 0 + 1/6*x**3 - 1/12*x**5 + 1/120*x**6 + 1/6*x**r. Give n(3).
-5
Let b(a) = -a**2 - 14*a + 344. Let l(y) = -y**2 - 30*y + 837. Let j be l(-48). What is b(j)?
-7
Let z(v) = -2*v - 1. Let s be z(-1). Let f(p) be the third derivative of 0 - 1/12*p**4 + 1/6*p**3 - 1/15*p**5 + 4*p - 4*p**2. Determine f(s).
-5
Let p(q) = -q**2 - 34*q - 165. Let t be p(-28). Let d(k) = 8 + 4*k - 4*k**t - 37*k**2 + 3*k**3 + 41*k**2. Determine d(5).
3
Let b(w) = -w**3 - w**2 - w + 5. Let r be -4 + 2 - (-2 - 3). Suppose r*o + 5*i = 12 - 6, 4*o - 19 = -3*i. Suppose 7 = -2*z